 -21*d - 3. Let q be t(-3). Calculate the remainder when ((-4)/(-5))/(4/q) is divided by 3.
0
Let c(b) = -2 + 3 - 2 + 0*b + 24*b**3 + 2*b - b**2. Calculate the remainder when c(1) is divided by 9.
6
Let j(b) = -14*b + 1. Calculate the remainder when 0 - (-1)/((-4)/(-172) - 0) is divided by j(-1).
13
Let q(f) = f**3 - 5*f**2 - 5. Let v = 1 - -3. Suppose 2*s - 4*w = 34, -2*s - v*w = -3 - 7. What is the remainder when q(6) is divided by s?
9
Suppose 4*n - 3*n = 10. What is the remainder when n is divided by 4?
2
Let i be 16*(4/2)/4. Suppose -1 = b, 4*s + b = i*s - 81. What is the remainder when s is divided by 8?
4
Suppose 3 = x - 2*v, -3*v = x - 0*v - 3. Suppose -2*p + 3*c = p + 36, -4*p + x*c = 51. Let k = -4 - p. Calculate the remainder when k is divided by 6.
5
Let y(g) = 11*g**2 + 5*g - 3*g + 10*g**2 - g. What is the remainder when y(-1) is divided by 11?
9
Suppose 0 = -5*f - f + 240. Calculate the remainder when f is divided by 15.
10
Suppose -m + 3*m + 2 = 5*d, -6 = -m - d. Let p(l) = 9*l + 2. Calculate the remainder when p(m) is divided by 13.
12
Let s = -13 - -31. Suppose -5*o - q - 5 + 19 = 0, o - 5*q + s = 0. What is the remainder when 6 is divided by o?
0
What is the remainder when 20 is divided by 1010/90 - 4/18?
9
Let p(f) = -10*f**3 - 4*f**2 - 2*f + 2. Let u be p(-2). Let n = -29 + u. What is the remainder when n is divided by 11?
8
Let v(x) = -x**3 - 8*x**2 - x - 4. Let b be v(-8). Suppose -o - 9 = -16. Calculate the remainder when (b/(-3))/(1/(-15)) is divided by o.
6
Suppose -102 = -3*d - 2*g + 125, 5*g = -4*d + 305. What is the remainder when d is divided by 26?
23
Let x(b) be the third derivative of -b**6/120 - b**5/20 - b**4/6 - b**3/2 - b**2. Calculate the remainder when x(-3) is divided by 4.
1
Suppose -30 = -2*s - 3*s. Let q(m) = m**2 + 5*m + 4. What is the remainder when s is divided by q(-5)?
2
Suppose -b + 4*a = -34, a + 122 = 3*b - a. Suppose -2*x - 75 = -7*x. Calculate the remainder when b is divided by x.
12
Let s(i) = -3*i + 24. Calculate the remainder when s(4) is divided by 5.
2
Let p(h) = 5 - 3*h - 2 - 2*h - 2. What is the remainder when p(-2) is divided by 6?
5
Suppose c = -5*r - 46, 4*c = 3*r - c + 22. Let q(k) = -k**2 - 10*k + 6. Calculate the remainder when 58 is divided by q(r).
13
Let d be -2*(3/2 + -3). Let h = -24 + 47. What is the remainder when 44 is divided by (h*1)/(-2 + d)?
21
Let w(z) = 8 - z - 9*z + 2*z**2 - 3*z. Let f = -13 + 21. Calculate the remainder when w(f) is divided by 11.
10
Let w(i) = 2*i**2 - 5*i + 4. What is the remainder when w(5) is divided by 5?
4
Suppose 3*r = 2*q + 103, 5*r = -q + 36 + 153. Let m = r + -15. Suppose -6 - 59 = -i. What is the remainder when i is divided by m?
21
Suppose 5 + 7 = 2*y. What is the remainder when 21 is divided by y?
3
Let j(n) = 5*n**2 + 7*n - 3. Suppose 3*c = -6 - 3, 0 = -2*v - 4*c + 10. Calculate the remainder when j(2) is divided by v.
9
Let q = 3 - 1. Let w(l) = l + 2*l + q*l. Calculate the remainder when 43 is divided by w(3).
13
Let a = 10 - -3. Let l be (-28)/8*(6 - 0). Let w = 4 - l. Calculate the remainder when w is divided by a.
12
Suppose 4*c = 2 + 2. Suppose 0 = -s + c + 3. Let u(g) = g**3 - 2*g**2 + 3*g + 2. What is the remainder when u(s) is divided by 16?
14
Calculate the remainder when 24 is divided by 78/(-4)*(-24)/36.
11
Let s = -59 + 63. Calculate the remainder when 19 is divided by s.
3
Suppose 4*m + s - 28 - 19 = 0, 0 = 5*m + 5*s - 55. Calculate the remainder when 21 is divided by m.
9
Let f(q) = q**3 + 12*q**2 + 18*q + 7. Calculate the remainder when 101 is divided by f(-10).
20
Suppose -5*a - 25 = -4*y, -4*y = a - 0*a - 19. Suppose y*p - 2*g - 113 = 2*g, -p + g + 22 = 0. Calculate the remainder when p is divided by 9.
7
What is the remainder when (-10)/2*(-36 + 11) is divided by 26?
21
What is the remainder when ((-5)/(-5))/(1/158) is divided by 23?
20
Suppose -155 = -c - 131. Let a(r) = 5*r**2 + 2*r - 4. Let l be (-2)/3 - 22/(-6). What is the remainder when a(l) is divided by c?
23
Let m(s) = 2*s**3 - 7*s**2 + 5*s + 1. Let o = 8 + -4. Suppose 0 = a - 3*a + 26. What is the remainder when m(o) is divided by a?
11
Suppose 4*k = 30 - 10. What is the remainder when k is divided by 12/8 + 1/2?
1
Let o = -58 + 113. Let d(w) be the third derivative of -w**4/8 + 2*w**3/3 - 2*w**2. What is the remainder when o is divided by d(-5)?
17
Let t(c) = c**2 - 13*c - 10. Let l be t(14). Calculate the remainder when 1 is divided by 2/6 + l/6.
0
Suppose -79 = t - 6*t - 4*g, -3*t + 4*g + 41 = 0. Suppose -5*q + 2*c = -31, c = 6*c + t. Calculate the remainder when 12 is divided by q.
2
Suppose 6*x - 8 = 5*x. Let v(p) = -p**2 + 9*p - 7. Let n be v(8). What is the remainder when x is divided by n/2*2*3?
2
Let o = -7 - -13. Suppose 3*v - z + 6 = 3*z, z = -4*v + 11. What is the remainder when 17 is divided by o + (v - 4/2)?
5
Let v(o) = -4*o + 4. Calculate the remainder when v(-2) is divided by 5.
2
Suppose 14*p + 88 = 15*p. What is the remainder when p is divided by 10?
8
Let o(u) = -6*u**3 - 4*u**2 + 2*u + 3. Let c be o(-3). Suppose 5*m = c + 112. Calculate the remainder when m is divided by 24.
23
Let p(k) = -2*k - 4. Let t be 1/2 + (-9)/(-2). Suppose -4*m + 5 = -2*h - t, -3*h + 5 = -m. What is the remainder when p(-6) is divided by h?
2
Suppose 6*s - 109 - 5 = 0. What is the remainder when 67 is divided by s?
10
Suppose 3*z + 0*r - 299 = 2*r, 0 = -5*z + 4*r + 501. What is the remainder when z is divided by 25?
22
Let w(y) = 2*y + 1. Let j be w(1). Suppose 3*k + 23 = h, 2*h - j*k = 7*h - 79. Calculate the remainder when 49 is divided by h.
15
Suppose 4*i = u - 0*u + 47, 0 = 5*i - u - 60. Calculate the remainder when i is divided by 4.
1
Let d = 4 - 5. Let q = d - -15. Calculate the remainder when 26 is divided by q.
12
Let y = 37 - 29. What is the remainder when 30 is divided by y?
6
Let k be 1*-1 - (3 - 6). Let m be 3/(3 + 6/(-3)). Let j = m + k. What is the remainder when j is divided by 3?
2
What is the remainder when 9 is divided by (-3)/15 - (-2 - 44/20)?
1
Let u be -2*15*16/(-6). What is the remainder when u/4*(2 - -1) is divided by 21?
18
Let n = 101 - 89. Calculate the remainder when 202 is divided by n.
10
What is the remainder when 398/12 - (-9)/(-54) is divided by 12?
9
Let u be (-6)/(-3) + (1 - 12). Let x = u - -17. What is the remainder when (30/x)/((-6)/(-80)) is divided by 17?
16
Let f(i) = -i**2 + 12*i - 15. Let b(r) = -r**2 - 6*r + 1. Let w be b(-3). Suppose 5*u + 0*u = 15. What is the remainder when f(w) is divided by u?
2
Suppose p = 4*p. Let t = 8 + p. Calculate the remainder when 22 is divided by t.
6
Let h be ((-8)/6)/((-6)/(-171)). Suppose 0*w - 40 = -2*c + 4*w, -4*c + 36 = 3*w. What is the remainder when 3/(c/h)*-2 is divided by 5?
4
Let y be ((-2)/(-6)*0)/2. Suppose y = -5*h + 4*l + 120, 3*l = -2*h + 19 + 6. What is the remainder when 78 is divided by h?
18
Let x = -20 + 36. What is the remainder when 24 is divided by x?
8
Let n be 0 - (-40)/(2/1). Suppose -n = -2*p + 12. What is the remainder when 46 is divided by p?
14
Let l be 3/3 - (-6 - -2). Suppose -5*x = -l - 85. Calculate the remainder when 34 is divided by x.
16
Calculate the remainder when ((210/(-8))/(-5))/((-9)/(-120)) is divided by 18.
16
Let y(x) = x + 17. Let o be y(-11). Calculate the remainder when -2 - 2*(-9)/o is divided by 1.
0
Let f(j) = -j**2 + 5*j + 3. Let t be f(5). Suppose s + 1 = 5*v, -t*v = -4*s - 0*s + 64. What is the remainder when s is divided by 10?
9
Let y(j) be the third derivative of -j**6/120 + 7*j**5/60 - 5*j**4/24 - j**3/6 + j**2. Let a = 3 + -1. Calculate the remainder when y(6) is divided by a.
1
Let m be (5/(-2))/(2/(-4)). Suppose 15 = m*v - 10. Suppose -v*l + 10 = -3*l. What is the remainder when l is divided by 4?
1
Let m be 5/(-30) - (-118)/(-12). Let r = 23 + m. What is the remainder when 51 is divided by r?
12
Let j = 22 - 19. What is the remainder when 5 is divided by j?
2
Suppose -4*z + 4*q + 0*q = 40, -2*z + 5*q = 17. Let n = -7 - z. What is the remainder when 14 is divided by n?
2
Suppose -m = -8 - 13. Calculate the remainder when 69 is divided by m.
6
Let k(h) = 14*h**2 - 6*h**2 + 2*h + 0*h - h**3 - 9. Suppose -3*y + 5*q = -63, 0 = -0*y + 5*y - 3*q - 121. What is the remainder when y is divided by k(8)?
5
Let z = 20 + -13. Su